osite number?
True
Is 34401707 a prime number?
True
Is 1646685511 a composite number?
True
Is 4316516819 prime?
False
Is 22421279611 composite?
False
Is 369795883 prime?
False
Is 11244474247 a prime number?
True
Is 2469240989 a prime number?
False
Is 677831141 a composite number?
True
Is 96282178937 a prime number?
False
Is 15953855947 composite?
True
Is 33310190789 a prime number?
True
Is 4482926069 composite?
True
Is 556798519 a composite number?
True
Is 2127809039 composite?
False
Is 1081119917 composite?
True
Is 74633446807 composite?
False
Is 17164703203 a composite number?
False
Is 3720787201 a composite number?
False
Is 8963484281 prime?
True
Is 6121737901 composite?
False
Is 2694480631 composite?
False
Is 6650024573 prime?
False
Is 431357362 prime?
False
Is 789200743 a composite number?
False
Is 428433563 a prime number?
True
Is 1592107574 prime?
False
Is 9742020989 composite?
True
Is 3184614253 a composite number?
True
Is 7832510729 composite?
False
Is 2504657963 a prime number?
False
Is 7176043507 composite?
False
Is 49909911613 composite?
False
Is 520522238 composite?
True
Is 22683318557 a composite number?
False
Is 1657928361 a prime number?
False
Is 3898192901 prime?
True
Is 6983718515 composite?
True
Is 586339049 a composite number?
False
Is 4754536099 a prime number?
True
Is 33001359607 a prime number?
True
Is 1051944758 a prime number?
False
Is 26742383 a composite number?
True
Is 4886096785 a composite number?
True
Is 3372655147 prime?
True
Is 17744695915 a composite number?
True
Is 164760307 a composite number?
False
Is 1439130613 a prime number?
False
Is 12668941955 composite?
True
Is 3428667161 a prime number?
False
Is 180034258273 composite?
False
Is 291136769465 composite?
True
Is 1756534583 composite?
True
Is 101037061 a prime number?
True
Is 2219399965 a prime number?
False
Is 367874981 composite?
False
Is 48397814309 a composite number?
True
Is 1522434829 a composite number?
True
Is 6097194199 a prime number?
False
Is 1640056153 a prime number?
True
Is 677986747 composite?
True
Is 5638530659 a prime number?
False
Is 9766504271 prime?
True
Is 1236261731 composite?
False
Is 9867022769 a prime number?
True
Is 1760100409 a composite number?
False
Is 3316170367 a prime number?
True
Is 291946693 a prime number?
True
Is 6226630981 a composite number?
False
Is 1524099881 composite?
True
Is 44924730113 a composite number?
False
Is 531678787 a composite number?
True
Is 54797953019 composite?
False
Is 2420394491 a composite number?
True
Is 596277919 a prime number?
False
Is 1030450111 composite?
True
Is 135643911443 composite?
True
Is 24579452759 a prime number?
True
Is 4854632383 a composite number?
False
Is 848667097 composite?
False
Is 2732032585 a composite number?
True
Is 8034532237 composite?
False
Is 578856659 a composite number?
False
Is 1386732181 prime?
False
Is 671673487 a prime number?
False
Is 7482005257 a prime number?
True
Is 341617901 a composite number?
False
Is 441528294565 composite?
True
Is 58844985911 composite?
False
Is 2591664343 a prime number?
False
Is 151707187 prime?
True
Is 106519005223 prime?
True
Is 404916179 prime?
True
Is 51671379781 a composite number?
True
Is 130004957377 a composite number?
True
Is 1194646601 a composite number?
False
Is 42154068799 prime?
True
Is 122284421359 composite?
True
Is 1509259183 a prime number?
False
Is 91282127201 a composite number?
False
Is 236281867 a prime number?
False
Is 162447811 a composite number?
False
Is 48963124901 a prime number?
False
Is 280753027 a composite number?
False
Is 2934506269 prime?
False
Is 876737003 a composite number?
False
Is 103253178997 prime?
False
Is 1674273547 composite?
True
Is 72159498269 a prime number?
False
Is 350594777 a prime number?
False
Is 28377781 a prime number?
False
Is 103484403791 composite?
False
Is 96861336961 prime?
True
Is 260132771 prime?
True
Is 404511931 composite?
True
Is 138641942279 composite?
True
Is 24469714153 composite?
False
Is 1218510731 prime?
True
Is 3988159621 prime?
False
Is 511442429 composite?
False
Is 842550931 a prime number?
True
Is 10284800345 prime?
False
Is 1408187857 composite?
True
Is 5057321233 a composite number?
False
Is 610294639 composite?
True
Is 2147850553 composite?
True
Is 5230576063 a prime number?
False
Is 522222241 a composite number?
False
Is 6549000317 composite?
True
Is 7933475621 composite?
False
Is 17229313181 composite?
True
Is 790039891 a prime number?
False
Is 20117000203 a prime number?
True
Is 427595891 a prime number?
False
Is 69153859 a composite number?
True
Is 3632701961 a prime number?
False
Is 18669193607 a prime number?
True
Is 9328833251 a composite number?
False
Is 127077704939 composite?
False
Is 3505659653 a prime number?
True
Is 7488910967 a prime number?
False
Is 568662823 a composite number?
True
Is 10155413801 a prime number?
False
Is 25542332993 a prime number?
False
Is 661805213 a composite number?
True
Is 139899493 a prime number?
True
Is 57942260807 a composite number?
False
Is 312177917 a composite number?
True
Is 8221021961 prime?
True
Is 415462981 prime?
False
Is 1924904281 a composite number?
False
Is 12156799597 a prime number?
True
Is 19798498861 composite?
True
Is 55211963 prime?
False
Is 2346630347 a prime number?
False
Is 578876341 composite?
True
Is 36179417999 a prime number?
True
Is 9060567631 prime?
False
Is 198499157 a prime number?
False
Is 12315460207 a prime number?
True
Is 2581307767 prime?
False
Is 612702449 composite?
False
Is 4196652847 a composite number?
True
Is 1302483253 prime?
False
Is 27514985573 a prime number?
False
Is 8119395391 composite?
False
Is 71762188159 prime?
True
Is 12356962283 a composite number?
True
Is 162469283 a composite number?
False
Is 2418887981 a prime number?
False
Is 13433183393 a prime number?
False
Is 1438652577 composite?
True
Is 160562053 prime?
True
Is 13711739267 a prime number?
False
Is 482168107 composite?
False
Is 3697339273 a prime number?
False
Is 1154133089 composite?
True
Is 175184879 a composite number?
True
Is 38390571689 composite?
False
Is 15118936241 prime?
False
Is 164879365901 prime?
False
Is 1137937991 a composite number?
False
Is 2786285379 prime?
False
Is 599262247 a composite number?
False
Is 4866790729 composite?
True
Is 1141141565 prime?
False
Is 17294287943 a prime number?
False
Is 47995309663 a composite number?
True
Is 1620435757 composite?
True
Is 82292356091 prime?
False
Is 7928138731 prime?
True
Is 8499736919 prime?
False
Is 2030249003 a composite number?
False
Is 44053 prime?
True
Is 1060150199 a prime number?
True
Is 31513763189 a prime number?
False
Is 19951157687 a prime number?
False
Is 12566328799 a prime number?
True
Is 7119878023 composite?
True
Is 130740908983 a composite number?
False
Is 4413503573 a prime number?
False
Is 418390343 a prime number?
False
Is 1978000646 a composite number?
True
Is 1592329957 composite?
True
Is 9128050271 a composite number?
False
Is 87691138693 a prime number?
True
Is 207830393 a composite number?
False
Is 172664939 a prime number?
False
Is 115982837 a prime number?
False
Is 383870959 prime?
True
Is 4200451487 a composite number?
True
Is 8935258583 a composite number?
False
Is 4886656729 a prime number?
False
Is 622284023 a prime number?
False
Is 17779161839 composite?
False
Is 13226573 prime?
False
Is 957170674 a prime number?
False
Is 6324270583 a prime number?
False
Is 45498709 a prime number?
False
Is 8234657495 composite?
True
Is 3171562319 prime?
False
Is 1378081366 prime?
False
Is 82247737613 prime?
True
Is 2043984779 composite?
False
Is 37172526981 prime?
False
Is 1316277409 prime?
True
Is 4514179763 composite?
False
Is 40253018051 prime?
True
Is 4001859163 prime?
True
Is 5055466447 composite?
True
Is 2762326466 a prime number?
False
Is 227142361 a composite number?
True
Is 1336569863 a composite number?
False
Is 4862363161 prime?
False
Is 10120068377 a composite number?
True
Is 2472600659 a prime number?
False
Is 302317999 composite?
False
Is 121009594711 a prime number?
True
Is 85042147 composite?
False
Is 11050874381 a prime number?
False
Is 1382766143 a prime number?
False
Is 72058223 composite?
True
Is 342947846797 a prime number?
True
Is 2336781218 a composite number?
True
Is 2852451299 composite?
False
Is 2